nder when 507504 is divided by 231.
228
What is the remainder when 115764 is divided by 12856?
60
What is the remainder when 30372018 is divided by 61?
57
What is the remainder when 22123940 is divided by 11282?
11220
Calculate the remainder when 14591580 is divided by 2818.
2794
Calculate the remainder when 1162600 is divided by 257.
189
Calculate the remainder when 25111562 is divided by 8370515.
17
Calculate the remainder when 159793798 is divided by 1425.
1423
What is the remainder when 2500165 is divided by 21553?
17
Calculate the remainder when 257891 is divided by 42838.
863
Calculate the remainder when 253153 is divided by 1369.
1257
Calculate the remainder when 370010 is divided by 3596.
3218
What is the remainder when 312969883 is divided by 3277?
3275
Calculate the remainder when 564999 is divided by 5181.
270
Calculate the remainder when 915941 is divided by 3013.
3002
What is the remainder when 2496 is divided by 2285?
211
Calculate the remainder when 2749136 is divided by 36655.
11
Calculate the remainder when 563293432 is divided by 583.
581
What is the remainder when 3832287 is divided by 11?
8
Calculate the remainder when 134887 is divided by 22279.
1213
What is the remainder when 111557500 is divided by 11?
10
What is the remainder when 509962 is divided by 445?
437
What is the remainder when 931524 is divided by 931510?
14
What is the remainder when 498278 is divided by 10?
8
Calculate the remainder when 126863160 is divided by 715.
710
Calculate the remainder when 426204 is divided by 1964.
16
Calculate the remainder when 4368977 is divided by 696.
185
Calculate the remainder when 8997381 is divided by 628.
25
What is the remainder when 81069 is divided by 40509?
51
Calculate the remainder when 33536 is divided by 8062.
1288
Calculate the remainder when 221456 is divided by 6713.
6640
Calculate the remainder when 99702574 is divided by 48.
46
What is the remainder when 126327 is divided by 4196?
447
What is the remainder when 125556 is divided by 125437?
119
What is the remainder when 9215976 is divided by 58?
8
Calculate the remainder when 50709644 is divided by 19.
12
Calculate the remainder when 11350035 is divided by 62022.
9
What is the remainder when 153858 is divided by 28?
26
Calculate the remainder when 93383762 is divided by 33.
32
What is the remainder when 1194371 is divided by 398076?
143
Calculate the remainder when 67922 is divided by 33933.
56
Calculate the remainder when 229175 is divided by 207.
26
Calculate the remainder when 37891114 is divided by 193.
3
What is the remainder when 20912 is divided by 151?
74
What is the remainder when 4060936 is divided by 80?
56
What is the remainder when 22541 is divided by 406?
211
Calculate the remainder when 1111876 is divided by 136.
76
Calculate the remainder when 62732 is divided by 62509.
223
Calculate the remainder when 5618595 is divided by 502.
211
Calculate the remainder when 27147415 is divided by 5429481.
10
Calculate the remainder when 1125426 is divided by 175.
1
Calculate the remainder when 139299 is divided by 4034.
2143
Calculate the remainder when 563979 is divided by 2400.
2379
What is the remainder when 1322789 is divided by 297?
248
Calculate the remainder when 9066976 is divided by 3022323.
7
Calculate the remainder when 18061220 is divided by 45609.
56
Calculate the remainder when 62420775 is divided by 95.
75
What is the remainder when 270279119 is divided by 30?
29
Calculate the remainder when 462961 is divided by 1908.
1225
What is the remainder when 669286 is divided by 167316?
22
What is the remainder when 923366 is divided by 274?
260
Calculate the remainder when 413258 is divided by 4443.
59
Calculate the remainder when 2265204 is divided by 566297.
16
What is the remainder when 104410 is divided by 1974?
1762
What is the remainder when 77771872 is divided by 86?
8
What is the remainder when 1492805 is divided by 373135?
265
What is the remainder when 204089 is divided by 102030?
29
Calculate the remainder when 2881462 is divided by 34.
30
Calculate the remainder when 1667059 is divided by 2659.
2525
What is the remainder when 386727117 is divided by 4680?
4677
What is the remainder when 22792244 is divided by 5698056?
20
What is the remainder when 139197 is divided by 23048?
909
Calculate the remainder when 20677082 is divided by 17332.
6
What is the remainder when 306344943 is divided by 5598?
5589
What is the remainder when 15830837 is divided by 34?
29
Calculate the remainder when 2302600 is divided by 767529.
13
Calculate the remainder when 469693 is divided by 3354.
133
Calculate the remainder when 52427850 is divided by 64.
10
Calculate the remainder when 1042963 is divided by 8690.
163
What is the remainder when 13151952 is divided by 6540?
12
Calculate the remainder when 1240891 is divided by 413622.
25
What is the remainder when 912326 is divided by 227667?
1658
Calculate the remainder when 62797 is divided by 848.
45
Calculate the remainder when 88687 is divided by 931.
242
Calculate the remainder when 30722270 is divided by 4388895.
5
What is the remainder when 414785 is divided by 1195?
120
Calculate the remainder when 757383 is divided by 1158.
51
What is the remainder when 44424 is divided by 1750?
674
Calculate the remainder when 54252384 is divided by 182.
4
What is the remainder when 2783432 is divided by 2431?
2368
Calculate the remainder when 15428512 is divided by 2794.
44
What is the remainder when 2427801 is divided by 4556?
4009
Calculate the remainder when 1475842 is divided by 51.
4
What is the remainder when 43742 is divided by 43510?
232
Calculate the remainder when 43299 is divided by 21599.
101
Calculate the remainder when 1915930 is divided by 10299.
316
Calculate the remainder when 3757334 is divided by 489.
347
What is the remainder when 556271 is divided by 73?
11
Calculate the remainder when 205448 is divided by 49402.
7840
Calculate the remainder when 45959 is divided by 4035.
1574
What is the remainder when 563237 is divided by 376?
365
Calculate the remainder when 2808959 is divided by 1679.
1671
What is the remainder when 1868123 is divided by 69188?
47
What is the remainder when 571614 is divided by 13961?
13174
Calculate the remainder when 276709 is divided by 42.
13
Calculate the remainder when 112376 is divided by 2709.
1307
Calculate the remainder when 76631293 is divided by 578.
53
What is the remainder when 36021504 is divided by 267?
0
What is the remainder when 51360 is divided by 3925?
335
Calculate the remainder when 16182466 is divided by 1356.
1318
What is the remainder when 702612142 is divided by 48?
46
What is the remainder when 27529 is divided by 23?
21
What is the remainder when 1071066 is divided by 141?
30
Calculate the remainder when 1008775 is divided by 4835.
3095
What is the remainder when 24962 is divided by 12313?
336
What is the remainder when 1235040 is divided by 112276?
4
Calculate the remainder when 13980 is divided by 962.
512
What is the remainder when 884381 is divided by 641?
442
Calculate the remainder when 14414460 is divided by 55017.
6
What is the remainder when 359510359 is divided by 4840?
4839
What is the remainder when 16367 is divided by 1575?
617
Calculate the remainder when 76166220 is divided by 454.
2
What is the remainder when 17650246 is divided by 359?
11
Calculate the remainder when 63787 is divided by 20979.
850
Calculate the remainder when 1553987 is divided by 130.
97
What is the remainder when 6297031 is divided by 24407?
25
What is the remainder when 139817 is divided by 69769?
279
Calculate the remainder when 436819 is divided by 64.
19
What is the remainder when 329134 is divided by 556?
538
What is the remainder when 143700881 is divided by 38?
5
Calculate the remainder when 72085994 is divided by 36042995.
4
What is the remainder when 889184135 is divided by 3758?
3755
What is the remainder when 323391 is divided by 16167?
51
Calculate the remainder when 32483569 is divided by 10.
9
Calculate the remainder when 7215090 is divided by 208.
194
Calculate the remainder when 1056700 is divided by 842.
832
What is the remainder when 5305720 is divided by 61?
1
What is the remainder when 11758118 is divided by 112?
22
Calculate the remainder